{"id":829,"date":"2021-05-27T14:36:44","date_gmt":"2021-05-27T14:36:44","guid":{"rendered":"https:\/\/metalhandel.pl\/?post_type=product&#038;p=829"},"modified":"2021-05-27T14:49:32","modified_gmt":"2021-05-27T14:49:32","slug":"tokarka-poreba-tr90b-x-6000","status":"publish","type":"product","link":"https:\/\/metalhandel.pl\/?product=tokarka-poreba-tr90b-x-6000","title":{"rendered":"Tokarka POREBA TR90B x 6000"},"content":{"rendered":"<p>POREBA Model: TR 90 x 6000<\/p>\n<p>Producent: POREBA- Polska<br \/>\nModel: TR 90 x 6000<br \/>\nStan:\u00a0 dobry<\/p>\n<p>Dane techniczne:<\/p>\n<p>Odleg\u0142o\u015b\u0107 mi\u0119dzy k\u0142ami: 6000 mm<br \/>\nWysoko\u015b\u0107 k\u0142\u00f3w nad \u0142o\u017cem: 435 mm<br \/>\nWysoko\u015b\u0107 k\u0142\u00f3w nad suportem: 310 mm<br \/>\n\u015arednica toczenia nad \u0142o\u017cem: 900 mm<br \/>\n\u015arednica toczenia nad suportem: 570 mm<br \/>\n\u015arednica toczenia w mostku: 1150 mm<br \/>\nD\u0142ugo\u015b\u0107 toczenia w mostku: 390 mm<br \/>\nOt\u00f3r we wrzecionie: 105 mm<br \/>\nSto\u017cek wrzeciona: Morse\u2019a 6<br \/>\nIlo\u015b\u0107 pr\u0119dko\u015bci wrzeciona: 18<br \/>\nZakres pr\u0119dko\u015bci obrotowych: 7.5 &#8211; 380 rpm<br \/>\nIlo\u015b\u0107 posuw\u00f3w bez wymiany k\u00f3\u0142: 55<br \/>\nPosuw wzd\u0142u\u017cny: 0.13 &#8211; 4 mm<br \/>\nPosuw poprzeczny: 0.065 &#8211; 2 mm<br \/>\nIlo\u015b\u0107 gwint\u00f3w metrycznych: 55<br \/>\nzakres skoku posuw\u00f3w metrycznych G513581: 0.5 &#8211; 15 mm<br \/>\nIlo\u015b\u0107 gwint\u00f3w calowych: 55<br \/>\nzakres skoku posuw\u00f3w calowych: 2 &#8211; 60 \/inch<br \/>\nObroty silnika: 1460<br \/>\nMoc silnika: 20 kW<br \/>\nSkok \u015bruby poci\u0105gowej: 2 \/inch<br \/>\nObr\u00f3t liniowy sto\u017cka: 10<br \/>\nD\u0142ugo\u015b\u0107 nacinanego sto\u017cka: 720 mm<\/p>\n","protected":false},"excerpt":{"rendered":"<p>&nbsp;<\/p>\n<p style=\"text-align: center;\">\u00a0GALERIA<\/p>\n<p>&nbsp;<\/p>\n<p style=\"text-align: center;\"><a href=\"https:\/\/metalhandel.pl\/wp-content\/uploads\/2021\/05\/20210304_115526.jpg\"><img loading=\"lazy\" decoding=\"async\" class=\"alignnone wp-image-835 size-thumbnail\" src=\"https:\/\/metalhandel.pl\/wp-content\/uploads\/2021\/05\/20210304_115526-150x84.jpg\" alt=\"\" width=\"150\" height=\"84\" srcset=\"https:\/\/metalhandel.pl\/wp-content\/uploads\/2021\/05\/20210304_115526-150x84.jpg 150w, https:\/\/metalhandel.pl\/wp-content\/uploads\/2021\/05\/20210304_115526-300x169.jpg 300w, https:\/\/metalhandel.pl\/wp-content\/uploads\/2021\/05\/20210304_115526-1024x576.jpg 1024w, https:\/\/metalhandel.pl\/wp-content\/uploads\/2021\/05\/20210304_115526-768x432.jpg 768w, https:\/\/metalhandel.pl\/wp-content\/uploads\/2021\/05\/20210304_115526-285x160.jpg 285w, https:\/\/metalhandel.pl\/wp-content\/uploads\/2021\/05\/20210304_115526-1300x731.jpg 1300w, https:\/\/metalhandel.pl\/wp-content\/uploads\/2021\/05\/20210304_115526-192x108.jpg 192w, https:\/\/metalhandel.pl\/wp-content\/uploads\/2021\/05\/20210304_115526-600x338.jpg 600w, https:\/\/metalhandel.pl\/wp-content\/uploads\/2021\/05\/20210304_115526.jpg 1500w\" sizes=\"(max-width: 150px) 100vw, 150px\" \/><\/a>\u00a0 \u00a0<a href=\"https:\/\/metalhandel.pl\/wp-content\/uploads\/2021\/05\/20210304_115517.jpg\"><img loading=\"lazy\" decoding=\"async\" class=\"alignnone wp-image-834 size-thumbnail\" src=\"https:\/\/metalhandel.pl\/wp-content\/uploads\/2021\/05\/20210304_115517-150x84.jpg\" alt=\"\" width=\"150\" height=\"84\" srcset=\"https:\/\/metalhandel.pl\/wp-content\/uploads\/2021\/05\/20210304_115517-150x84.jpg 150w, https:\/\/metalhandel.pl\/wp-content\/uploads\/2021\/05\/20210304_115517-300x169.jpg 300w, https:\/\/metalhandel.pl\/wp-content\/uploads\/2021\/05\/20210304_115517-1024x576.jpg 1024w, https:\/\/metalhandel.pl\/wp-content\/uploads\/2021\/05\/20210304_115517-768x432.jpg 768w, https:\/\/metalhandel.pl\/wp-content\/uploads\/2021\/05\/20210304_115517-285x160.jpg 285w, https:\/\/metalhandel.pl\/wp-content\/uploads\/2021\/05\/20210304_115517-1300x731.jpg 1300w, https:\/\/metalhandel.pl\/wp-content\/uploads\/2021\/05\/20210304_115517-192x108.jpg 192w, https:\/\/metalhandel.pl\/wp-content\/uploads\/2021\/05\/20210304_115517-600x338.jpg 600w, https:\/\/metalhandel.pl\/wp-content\/uploads\/2021\/05\/20210304_115517.jpg 1500w\" sizes=\"(max-width: 150px) 100vw, 150px\" \/><\/a><\/p>\n<p style=\"text-align: center;\"><a href=\"https:\/\/metalhandel.pl\/wp-content\/uploads\/2021\/05\/20210304_115513.jpg\"><img loading=\"lazy\" decoding=\"async\" class=\"alignnone wp-image-833 size-thumbnail\" src=\"https:\/\/metalhandel.pl\/wp-content\/uploads\/2021\/05\/20210304_115513-150x84.jpg\" alt=\"\" width=\"150\" height=\"84\" srcset=\"https:\/\/metalhandel.pl\/wp-content\/uploads\/2021\/05\/20210304_115513-150x84.jpg 150w, https:\/\/metalhandel.pl\/wp-content\/uploads\/2021\/05\/20210304_115513-300x169.jpg 300w, https:\/\/metalhandel.pl\/wp-content\/uploads\/2021\/05\/20210304_115513-1024x576.jpg 1024w, https:\/\/metalhandel.pl\/wp-content\/uploads\/2021\/05\/20210304_115513-768x432.jpg 768w, https:\/\/metalhandel.pl\/wp-content\/uploads\/2021\/05\/20210304_115513-285x160.jpg 285w, https:\/\/metalhandel.pl\/wp-content\/uploads\/2021\/05\/20210304_115513-1300x731.jpg 1300w, https:\/\/metalhandel.pl\/wp-content\/uploads\/2021\/05\/20210304_115513-192x108.jpg 192w, https:\/\/metalhandel.pl\/wp-content\/uploads\/2021\/05\/20210304_115513-600x338.jpg 600w, https:\/\/metalhandel.pl\/wp-content\/uploads\/2021\/05\/20210304_115513.jpg 1500w\" sizes=\"(max-width: 150px) 100vw, 150px\" \/><\/a>\u00a0 \u00a0 <a href=\"https:\/\/metalhandel.pl\/wp-content\/uploads\/2021\/05\/20210208_122340.jpg\"><img loading=\"lazy\" decoding=\"async\" class=\"alignnone wp-image-830 size-thumbnail\" src=\"https:\/\/metalhandel.pl\/wp-content\/uploads\/2021\/05\/20210208_122340-150x84.jpg\" alt=\"\" width=\"150\" height=\"84\" srcset=\"https:\/\/metalhandel.pl\/wp-content\/uploads\/2021\/05\/20210208_122340-150x84.jpg 150w, https:\/\/metalhandel.pl\/wp-content\/uploads\/2021\/05\/20210208_122340-300x169.jpg 300w, https:\/\/metalhandel.pl\/wp-content\/uploads\/2021\/05\/20210208_122340-1024x576.jpg 1024w, https:\/\/metalhandel.pl\/wp-content\/uploads\/2021\/05\/20210208_122340-768x432.jpg 768w, https:\/\/metalhandel.pl\/wp-content\/uploads\/2021\/05\/20210208_122340-285x160.jpg 285w, https:\/\/metalhandel.pl\/wp-content\/uploads\/2021\/05\/20210208_122340-192x108.jpg 192w, https:\/\/metalhandel.pl\/wp-content\/uploads\/2021\/05\/20210208_122340-600x338.jpg 600w, https:\/\/metalhandel.pl\/wp-content\/uploads\/2021\/05\/20210208_122340.jpg 1280w\" sizes=\"(max-width: 150px) 100vw, 150px\" \/><\/a><\/p>\n<p>&nbsp;<\/p>\n<p>&nbsp;<\/p>\n<p>&nbsp;<\/p>\n<p>&nbsp;<\/p>\n<p>&nbsp;<\/p>\n<p>&nbsp;<\/p>\n<p>&nbsp;<\/p>\n<p>&nbsp;<\/p>\n<p>&nbsp;<\/p>\n<p>&nbsp;<\/p>\n<p>&nbsp;<\/p>\n","protected":false},"featured_media":838,"comment_status":"closed","ping_status":"closed","template":"","meta":[],"_links":{"self":[{"href":"https:\/\/metalhandel.pl\/index.php?rest_route=\/wp\/v2\/product\/829"}],"collection":[{"href":"https:\/\/metalhandel.pl\/index.php?rest_route=\/wp\/v2\/product"}],"about":[{"href":"https:\/\/metalhandel.pl\/index.php?rest_route=\/wp\/v2\/types\/product"}],"replies":[{"embeddable":true,"href":"https:\/\/metalhandel.pl\/index.php?rest_route=%2Fwp%2Fv2%2Fcomments&post=829"}],"wp:featuredmedia":[{"embeddable":true,"href":"https:\/\/metalhandel.pl\/index.php?rest_route=\/wp\/v2\/media\/838"}],"wp:attachment":[{"href":"https:\/\/metalhandel.pl\/index.php?rest_route=%2Fwp%2Fv2%2Fmedia&parent=829"}],"curies":[{"name":"wp","href":"https:\/\/api.w.org\/{rel}","templated":true}]}}